
2, 376161307
What are the prime factors of 777759166?
2, 37, 10510259
What are the prime factors of 14696707?
29, 506783
List the prime factors of 2078213352.
2, 3, 3943, 21961
List the prime factors of 1362614248.
2, 170326781
What are the prime factors of 1002853224?
2, 3, 31, 43
List the prime factors of 58356042.
2, 3, 9726007
List the prime factors of 73355937.
3, 2767, 8837
What are the prime factors of 626778880?
2, 5, 7, 13, 5381
List the prime factors of 2792543485.
5, 109, 5123933
What are the prime factors of 5311407639?
3, 24749, 71537
What are the prime factors of 3598084987?
7, 67, 347, 22109
What are the prime factors of 10190132?
2, 523, 4871
What are the prime factors of 74756525?
5, 317, 9433
List the prime factors of 78965666.
2, 13, 29, 104729
List the prime factors of 117014693.
73, 1602941
What are the prime factors of 435302336?
2, 7, 37, 26261
List the prime factors of 3532990148.
2, 18341, 48157
List the prime factors of 3533989945.
5, 706797989
List the prime factors of 936152794.
2, 113, 907, 4567
List the prime factors of 1222665468.
2, 3, 101888789
What are the prime factors of 67836392?
2, 13, 17, 37, 61
List the prime factors of 659196849.
3, 19, 3049, 3793
What are the prime factors of 4726965279?
3, 2423, 650291
What are the prime factors of 185880379?
185880379
What are the prime factors of 402537094?
2, 9463, 21269
List the prime factors of 663445639.
1753, 378463
List the prime factors of 1188486483.
3, 1213, 326597
What are the prime factors of 1537722517?
1537722517
What are the prime factors of 347792160?
2, 3, 5, 724567
List the prime factors of 266850909.
3, 13, 239, 3181
What are the prime factors of 85196548?
2, 29, 73, 10061
List the prime factors of 94644843.
3, 31548281
What are the prime factors of 369577722?
2, 3, 17, 31, 116881
What are the prime factors of 366515363?
5477, 66919
List the prime factors of 297161672.
2, 19, 53, 36887
List the prime factors of 226166970.
2, 3, 5, 107, 70457
List the prime factors of 454029752.
2, 11, 23, 20393
What are the prime factors of 26656787?
523, 50969
What are the prime factors of 3118791406?
2, 17, 91729159
List the prime factors of 34611676.
2, 11, 786629
List the prime factors of 3482640352.
2, 108832511
What are the prime factors of 4037672797?
197, 20495801
What are the prime factors of 359253577?
19, 18908083
List the prime factors of 196677365.
5, 1637, 24029
What are the prime factors of 254042284?
2, 63510571
What are the prime factors of 34515746?
2, 17, 37, 27437
What are the prime factors of 137186233?
137186233
List the prime factors of 32302769.
647, 49927
What are the prime factors of 938470556?
2, 234617639
What are the prime factors of 34727395?
5, 6945479
List the prime factors of 3796949449.
3796949449
What are the prime factors of 147121736?
2, 379, 48523
List the prime factors of 3900460075.
5, 156018403
What are the prime factors of 37848125?
5, 7, 41, 211
What are the prime factors of 4796620718?
2, 19, 67, 229, 433
What are the prime factors of 120503631?
3, 227, 176951
What are the prime factors of 952924275?
3, 5, 181, 23399
What are the prime factors of 8370564?
2, 3, 19, 36713
What are the prime factors of 463378021?
61, 71, 97, 1103
What are the prime factors of 77985185?
5, 2713, 5749
What are the prime factors of 550521894?
2, 3, 13, 542921
What are the prime factors of 1003526994?
2, 3, 719, 232621
What are the prime factors of 45207494?
2, 149, 151703
List the prime factors of 112289331.
3, 7, 11, 59, 107
What are the prime factors of 978171906?
2, 3, 163028651
What are the prime factors of 18194730?
2, 3, 5, 157, 3863
List the prime factors of 2419160208.
2, 3, 2753, 18307
What are the prime factors of 1593173143?
293, 383, 14197
What are the prime factors of 561820865?
5, 112364173
List the prime factors of 59693424.
2, 3, 7, 101, 1759
What are the prime factors of 33147733?
5077, 6529
List the prime factors of 165818611.
7, 23688373
List the prime factors of 101252840.
2, 5, 13, 194717
List the prime factors of 37126496.
2, 11, 29, 3637
List the prime factors of 59380748.
2, 7, 29, 31, 337
List the prime factors of 36298848.
2, 3, 103, 3671
List the prime factors of 38231667.
3, 19, 223577
List the prime factors of 18536535.
3, 5, 411923
List the prime factors of 76979011.
59, 61, 73, 293
List the prime factors of 86313151.
137, 630023
What are the prime factors of 246924138?
2, 3, 53, 79, 9829
List the prime factors of 361189054.
2, 173, 1043899
What are the prime factors of 1357621140?
2, 3, 5, 2749, 8231
What are the prime factors of 31933893?
3, 1567, 6793
What are the prime factors of 148177976?
2, 97, 257, 743
List the prime factors of 1398679475.
5, 1117, 50087
List the prime factors of 37327490.
2, 5, 89, 41941
List the prime factors of 44273669.
11, 4024879
What are the prime factors of 5298829?
67, 79087
List the prime factors of 72241401.
3, 19, 439, 2887
What are the prime factors of 275819874?
2, 3, 11, 41, 101929
List the prime factors of 600850090.
2, 5, 60085009
What are the prime factors of 55903899?
3, 18634633
List the prime factors of 8982616.
2, 61, 79, 233
What are the prime factors of 66921491?
7, 13, 197, 3733
List the prime factors of 30582520.
2, 5, 764563
List the prime factors of 17853873.
3, 71, 109, 769
List the prime factors of 1824049478.
2, 912024739
List the prime factors of 82647837.
3, 563, 5437
List the prime factors of 3874215772.
2, 7, 23, 67, 101, 127
What are the prime factors of 2065704955?
5, 11083, 37277
What are the prime factors of 2235915266?
2, 13, 239, 349, 1031
What are the prime factors of 2520447164?
2, 331, 1903661
List the prime factors of 4272916213.
19, 79, 149827
List the prime factors of 68214537.
3, 937, 8089
What are the prime factors of 71695162?
2, 7, 11, 42323
What are the prime factors of 23467218?
2, 3, 3911203
What are the prime factors of 147002764?
2, 3307, 11113
List the prime factors of 253341930.
2, 3, 5, 8444731
List the prime factors of 52828575.
3, 5, 29, 107, 227
List the prime factors of 62575000.
2, 5, 2503
List the prime factors of 2285337106.
2, 13, 83, 1059007
List the prime factors of 96244751.
5227, 18413
What are the prime factors of 5840793?
3, 7, 83, 1117
What are the prime factors of 382975412?
2, 95743853
What are the prime factors of 44625173?
1091, 40903
What are the prime factors of 1704529391?
307, 1061, 5233
What are the prime factors of 140287675?
5, 11, 510137
What are the prime factors of 487413452?
2, 181, 673223
What are the prime factors of 51423335?
5, 821, 12527
What are the prime factors of 78185903?
78185903
List the prime factors of 1982393672.
2, 7, 751, 47137
What are the prime factors of 405151965?
3, 5, 9003377
What are the prime factors of 9011401?
7, 1287343
What are the prime factors of 680948821?
7, 17, 31, 197, 937
List the prime factors of 113412434.
2, 56706217
List the prime factors of 6065665385.
5, 13, 93317929
What are the prime factors of 1252389797?
1252389797
List the prime factors of 492973915.
5, 7, 14084969
What are the prime factors of 31847527?
31847527
List the prime factors of 113177689.
157, 720877
What are the prime factors of 142662166?
2, 401, 177883
What are the prime factors of 70048424?
2, 47, 186299
What are the prime factors of 41687499?
3, 7, 103, 19273
List the prime factors of 42672173.
42672173
What are the prime factors of 788068095?
3, 5, 43, 1221811
What are the prime factors of 146490908?
2, 347, 105541
List the prime factors of 155714740.
2, 5, 7785737
What are the prime factors of 204085850?
2, 5, 17, 240101
What are the prime factors of 230446006?
2, 7, 29, 567601
What are the prime factors of 93090197?
93090197
What are the prime factors of 1992266632?
2, 5783, 43063
List the prime factors of 70809725.
5, 7, 239, 1693
List the prime factors of 2028248106.
2, 3, 41, 8244911
List the prime factors of 2641144529.
397, 6652757
What are the prime factors of 3491979012?
2, 3, 3592571
What are the prime factors of 305474076?
2, 3, 8485391
List the prime factors of 2414965.
5, 7, 9857
What are the prime factors of 432520952?
2, 54065119
List the prime factors of 1482863740.
2, 5, 19, 1063, 3671
List the prime factors of 1259754629.
7, 179964947
What are the prime factors of 8